*r. What is the greatest common divisor of 165 and r?
15
Let x(l) = -l**3 - l**2 + l. Let s(n) = 3*n**3 - 5*n**2 - 10*n + 14. Let d(c) = -s(c) - 4*x(c). Let q be d(-8). Calculate the highest common factor of 14 and q.
2
Let p(n) = -6*n - 80. Let a be p(-15). Calculate the highest common factor of 4 and a.
2
Let h be 0*(-4 - -5)*-1*1. Let c(r) = -r**3 + 3*r**2 + 14. Let u be c(h). What is the highest common factor of u and 2?
2
Let u(w) = -27*w - 383. Let g be u(-19). What is the highest common divisor of 20 and g?
10
Suppose -27 = -u + 2*l, 2 = u - 4*l - 25. Calculate the highest common divisor of 3 and u.
3
Suppose -5*r + 7*r = 4. Let i be (-1 + (-1)/3)*(-33)/r. What is the highest common divisor of i and 44?
22
Let x(p) = 24*p**2 + 233*p + 18. Let u be x(-10). What is the highest common factor of 64 and u?
8
Suppose -15680 = 41*s - 61*s. Calculate the greatest common factor of s and 112.
112
Suppose 2*j + 4 = 4*j, 4*p = 3*j + 54. Let k = -14 - -149. Calculate the highest common factor of p and k.
15
Suppose -b = -2*m - 21, -56*m = 5*b - 53*m - 79. Let n = 39 - -97. Calculate the highest common divisor of b and n.
17
Suppose -255 + 319 = 2*q. What is the highest common factor of q and 80?
16
Let j be 29 - (2 - 2 - 4). Let v = j + -29. Calculate the highest common divisor of 4 and v.
4
Let c be 2/8*2*10. Let s = 14 - c. Calculate the greatest common factor of 1 and s.
1
Suppose -2*b + 4*h + 176 = 0, 147 + 311 = 5*b - h. What is the greatest common divisor of 69 and b?
23
Suppose 2*f = -2*n + 12, 5*n + 0*n + 6 = 4*f. Suppose n - 4 = -2*j. Let h be j/((-6)/(-4))*9. What is the greatest common factor of 66 and h?
6
Let q = -3 - -5. Suppose u + 2 = -q. Let t be ((-4)/(-5))/(u/(-70)). What is the highest common factor of 7 and t?
7
Let c(f) = f**3 + 13*f**2 - 17*f + 30. Let h be c(-14). What is the highest common divisor of h and 264?
24
Let b = -303 - -364. What is the highest common factor of 61 and b?
61
Suppose 3*z + 2*z = 20. Let h be (-9)/(-2) + (-10)/(-20). Let o be 0 + (4 - -3) + h. Calculate the highest common factor of z and o.
4
Suppose 3*x + 84 = 5*b, -b - 4*b = 5*x + 140. Let u be (-3 - -6)*x/(-2). Suppose 0 = -2*p - p + u. What is the highest common factor of p and 42?
14
Let n(r) = -r**3 + 8*r**2 - 2*r - 6. Let u be n(3). What is the highest common divisor of u and 429?
33
Let x = -37 - -35. Let c be (-48)/x - 3*-1. What is the highest common divisor of 3 and c?
3
Suppose -18*q + 21*q = 6. Suppose -3*w - q*w + 40 = 5*s, -4*s - 3*w + 32 = 0. Let v be (s/6)/(8/36). Calculate the highest common factor of 24 and v.
6
Let w = -5 - -13. Suppose 0*x = 4*x + w. Let i(b) = -2*b**3 + b + 2. Let s be i(x). Calculate the highest common divisor of 176 and s.
16
Let q = -178 - -230. Suppose -104 = g - 5*g. What is the highest common factor of g and q?
26
Let c be (-9)/12*2*(2 + -12). Calculate the highest common factor of 255 and c.
15
Let m = 3 - 34. Let s = 86 + m. Suppose 9 = 10*y - 211. What is the highest common factor of y and s?
11
Suppose -95 + 5 = -15*i. Let f be 24/i - -2 - -5. Calculate the greatest common factor of 77 and f.
11
Suppose -28 = -3*m - 94. Let a = 4 + m. Let l = 37 + a. Calculate the highest common divisor of 133 and l.
19
Let a be 20 - (1 - (-3 + 3)). Suppose 2 + a = 7*d. Suppose -t + 4*t = d*i + 351, -5 = i. What is the highest common factor of 16 and t?
16
Let d be (-1)/(2 - (-10)/(-4)). Let w be d - (0 + -3 + -49). Suppose 3*b = -5 - 4, p = -3*b + 9. What is the greatest common factor of p and w?
18
Let u = 947 - 755. What is the highest common divisor of u and 60?
12
Suppose 5*f - 2694 = -3*x, 3*f = 5*x - x + 1628. Calculate the highest common factor of 300 and f.
60
Let o be (-2 - -6)*2/4. Suppose 0 = 5*g + o - 27. Suppose p - 118 = -3*b, 2*b - 2*p = g*b - 122. What is the greatest common divisor of b and 57?
19
Let b = 379 - 147. What is the greatest common factor of 58 and b?
58
Suppose w = -2*w + 27. Let g(d) = -2*d**2 - 27*d - 10. Let f be g(-11). What is the greatest common divisor of f and w?
9
Let v = 720 - 430. What is the greatest common divisor of v and 10?
10
Suppose 4*q - 128 = -4*j, 0 = -q + 2*j + 27 + 17. Calculate the highest common divisor of q and 24.
12
Suppose o + 15 - 11 = 0. Let k(y) = y**3 + 6*y**2 + 3*y - 9. Let d be k(o). Let i be ((-44)/(-6))/((-2)/(-6)). What is the highest common factor of d and i?
11
Suppose 2*y - 2 - 34 = 0. Let l be (3 + 24/(-10))*15. Calculate the greatest common factor of y and l.
9
Let p = 17 - 27. Let g = 13 + p. Suppose 2*y + y + g*d = 240, 2*y - 4*d - 190 = 0. Calculate the highest common divisor of y and 17.
17
Suppose -4*o + 3*f = -313, -97 = -o - 0*f - 3*f. Suppose -101 = -3*m + o. Let u = -40 + m. Calculate the greatest common factor of u and 3.
3
Suppose 5*y + 0*g - 43 = 2*g, 2*g = 2. Let v = -551 + 552. Calculate the highest common factor of y and v.
1
Suppose -r = 2*g + 3, 0*g = -2*g. Let s be (-52)/(-6)*r/(-2). Calculate the highest common factor of 13 and s.
13
Let s = -28 - -49. Let k(c) = 4*c**2 + 13*c - 5. Let h be k(-8). What is the highest common factor of s and h?
21
Let y(c) = -c. Let a be (9/6)/(5/(-20)). Let w be y(a). Let p = w - -7. What is the highest common factor of 26 and p?
13
Let g = 347 + -182. What is the highest common factor of 275 and g?
55
Let u(d) = 39*d + 1. Let p be u(1). Let l be 3/(-2) - (-861)/14. What is the greatest common factor of l and p?
20
Let x(h) = h**3 + 15*h**2 + 8*h - 218. Let q be x(-13). Calculate the greatest common factor of 688 and q.
16
Let l = 3684 - 2100. What is the greatest common divisor of 12 and l?
12
Let a = -13 - -28. Suppose -a*v + 60 = -11*v. Calculate the greatest common factor of 20 and v.
5
Suppose 41 + 14 = 5*v. Let x = v - 0. What is the highest common divisor of x and 22?
11
Let k(g) = 8*g + 15. Let l be k(6). What is the greatest common divisor of l and 819?
63
Let v = -2 + 6. Let f be (0 - (-82 - -4))/((-3)/(-2)). Suppose v*w = f + 24. What is the highest common factor of 19 and w?
19
Let z(v) = v**3 + 9*v**2 - 2*v - 15. Let u be z(-9). Suppose u*x - 574 - 251 = 0. What is the highest common factor of 25 and x?
25
Suppose -201*i = -202*i - 5*w + 1, -2*i = 2*w - 42. What is the greatest common factor of 546 and i?
26
Let i = -470 + 471. Let y(s) = -s - 1. Let j(m) = 4*m + 8. Let n(b) = j(b) + 5*y(b). Let g be n(-5). What is the greatest common factor of g and i?
1
Suppose 249 + 279 = -8*k. Let r = -42 - k. Suppose 2*q - 4 = 0, 3*o + 70 = 7*o + 3*q. Calculate the greatest common factor of o and r.
8
Suppose 4*v = v + 5*x - 14, v - 22 = -5*x. Let y = -691 - -695. What is the greatest common divisor of v and y?
2
Let s = 380 - 368. Calculate the highest common factor of 27 and s.
3
Let f(s) = s + 8. Let r be f(-6). Let m(z) = -11*z + 29*z**2 - 2 + 5*z + 5*z. Let w be m(r). Calculate the greatest common factor of w and 16.
16
Let z = -119 + 207. Let a be 9/12*2*z. Suppose -60 = -10*u + 5*u. Calculate the highest common divisor of a and u.
12
Let a(m) = -m**3 - 7*m**2 + 7*m - 14. Let w be a(-8). Let p be (21/14)/(w/(-80)). Calculate the greatest common factor of p and 30.
10
Let y(m) = -205*m - 1208. Let n be y(-6). Let r(u) = 4*u**2 + 6*u - 4. Let c be r(-5). Calculate the highest common factor of c and n.
22
Let m = -79 + 121. Let k be (24/(-20))/((-1)/5). What is the highest common factor of k and m?
6
Let n = -2 - -4. Suppose -4*r - 2*l = -40, -n*r - l + 12 = -2*l. Let f(q) = 3*q**2 + 29*q - 24. Let s be f(-11). What is the greatest common divisor of s and r?
4
Suppose -240761 - 45694 = -113*t. Calculate the highest common divisor of 15 and t.
15
Suppose 5*y - 2*m - 416 = 3*y, 0 = -3*m. Suppose -153*u = -149*u + 16. Let c be (408/15 - u/(-20)) + -1. Calculate the greatest common factor of y and c.
26
Let m(l) = 21*l**2. Let v be m(-1). Let c = 29 + -68. Let p = c + 42. What is the highest common factor of v and p?
3
Suppose 3*b = -u + 152, -b - 2*u - 88 = -3*b. Let j = -165 - -361. Calculate the greatest common divisor of j and b.
49
Let q(r) = r**3 + 7*r**2 - 7*r + 4. Let p be q(-8). Let w be (1 - -3)/(p/(-52)). Let h = -36 + w. What is the greatest common divisor of 48 and h?
16
Suppose 0 = -0*x + 4*x - 12. Let f be (x - (2 + -1)) + 98. Calculate the highest common divisor of 60 and f.
